 and 943.
41
Calculate the greatest common factor of 1302 and 12.
6
What is the highest common divisor of 423 and 282?
141
Calculate the highest common divisor of 62 and 1798.
62
Calculate the greatest common factor of 36 and 3108.
12
Calculate the greatest common divisor of 620 and 20.
20
What is the greatest common factor of 33 and 2?
1
What is the highest common divisor of 192 and 288?
96
Calculate the highest common factor of 697 and 41.
41
What is the highest common factor of 9 and 360?
9
What is the greatest common factor of 2214 and 82?
82
Calculate the highest common factor of 602 and 154.
14
What is the greatest common divisor of 1869 and 63?
21
What is the highest common divisor of 14 and 78512?
14
What is the greatest common divisor of 4671 and 27?
27
Calculate the highest common factor of 616 and 16.
8
Calculate the greatest common factor of 191 and 1.
1
What is the greatest common factor of 21213 and 18?
9
What is the highest common factor of 15463 and 7?
7
What is the greatest common divisor of 187 and 11?
11
Calculate the highest common divisor of 8064 and 84.
84
What is the greatest common divisor of 253 and 583?
11
What is the highest common factor of 103 and 1?
1
Calculate the highest common divisor of 153 and 2652.
51
Calculate the highest common factor of 1650 and 75.
75
Calculate the highest common divisor of 24 and 216.
24
Calculate the highest common divisor of 10712 and 26.
26
What is the greatest common divisor of 200 and 90?
10
Calculate the greatest common factor of 12 and 5604.
12
What is the highest common factor of 1960 and 35?
35
Calculate the highest common factor of 15 and 550.
5
What is the greatest common factor of 240 and 640?
80
What is the highest common factor of 9 and 6651?
9
Calculate the greatest common factor of 10 and 655.
5
What is the greatest common divisor of 50 and 32?
2
Calculate the highest common factor of 3150 and 120.
30
What is the highest common factor of 123 and 216?
3
Calculate the highest common divisor of 804 and 48.
12
Calculate the highest common factor of 26 and 4.
2
Calculate the greatest common divisor of 9 and 531.
9
What is the highest common factor of 195 and 208?
13
Calculate the greatest common factor of 63 and 399.
21
Calculate the highest common factor of 1364 and 44.
44
What is the highest common factor of 154 and 126?
14
What is the highest common divisor of 6 and 6?
6
What is the greatest common factor of 82 and 1517?
41
What is the highest common factor of 133 and 76?
19
Calculate the greatest common divisor of 90 and 198.
18
Calculate the highest common factor of 770 and 28.
14
What is the highest common divisor of 21 and 1386?
21
What is the highest common factor of 25047 and 69?
69
What is the highest common factor of 594 and 143?
11
What is the greatest common factor of 2354 and 22?
22
Calculate the highest common divisor of 148 and 28.
4
Calculate the greatest common divisor of 16 and 144.
16
Calculate the highest common factor of 345 and 15.
15
Calculate the highest common factor of 330 and 435.
15
Calculate the greatest common divisor of 799 and 47.
47
What is the greatest common divisor of 132 and 308?
44
Calculate the highest common factor of 65 and 20.
5
What is the greatest common factor of 48 and 208?
16
What is the greatest common divisor of 114 and 96?
6
Calculate the greatest common factor of 12 and 114.
6
What is the highest common factor of 71 and 12496?
71
Calculate the greatest common divisor of 4459 and 490.
49
What is the highest common divisor of 4606 and 94?
94
What is the highest common divisor of 12 and 486?
6
Calculate the highest common factor of 3728 and 233.
233
What is the highest common factor of 72 and 198?
18
Calculate the highest common factor of 15209 and 227.
227
Calculate the greatest common factor of 174 and 30.
6
What is the highest common divisor of 14952 and 56?
56
Calculate the greatest common divisor of 65 and 4693.
13
Calculate the greatest common divisor of 20 and 1170.
10
Calculate the highest common factor of 235 and 135.
5
Calculate the greatest common factor of 1494 and 415.
83
Calculate the greatest common divisor of 2959 and 22.
11
Calculate the highest common divisor of 64 and 9824.
32
What is the greatest common divisor of 5 and 69?
1
What is the greatest common divisor of 368 and 32?
16
What is the highest common divisor of 284 and 12?
4
Calculate the greatest common divisor of 9 and 18783.
9
What is the greatest common factor of 25 and 80?
5
Calculate the greatest common divisor of 14 and 266.
14
Calculate the greatest common factor of 627 and 8569.
209
What is the highest common factor of 172 and 13588?
172
Calculate the highest common divisor of 15 and 125.
5
What is the greatest common divisor of 41 and 7585?
41
Calculate the highest common factor of 4355 and 134.
67
Calculate the greatest common factor of 7232 and 448.
64
Calculate the greatest common divisor of 205 and 15621.
41
Calculate the greatest common factor of 1394 and 205.
41
What is the highest common factor of 528 and 33?
33
What is the greatest common factor of 2760 and 40?
40
What is the greatest common divisor of 148 and 111?
37
Calculate the highest common divisor of 112 and 144.
16
Calculate the highest common factor of 99 and 1023.
33
Calculate the highest common divisor of 2704 and 260.
52
What is the highest common divisor of 4577 and 4975?
199
What is the greatest common divisor of 24 and 24?
24
Calculate the greatest common factor of 40320 and 210.
210
What is the highest common factor of 329 and 7?
7
What is the greatest common factor of 156 and 676?
52
What is the highest common factor of 284 and 10?
2
What is the greatest common divisor of 225 and 2775?
75
What is the highest common divisor of 338 and 26?
26
Calculate the greatest common factor of 296 and 16.
8
Calculate the greatest common factor of 16 and 44.
4
What is the highest common factor of 5888 and 23?
23
What is the highest common divisor of 195 and 45?
15
Calculate the greatest common divisor of 146 and 73.
73
Calculate the greatest common factor of 5432 and 112.
56
Calculate the greatest common factor of 14 and 1834.
14
What is the highest common factor of 2254 and 784?
98
What is the highest common factor of 50 and 6?
2
Calculate the highest common divisor of 9315 and 69.
69
What is the greatest common divisor of 65 and 13?
13
Calculate the highest common divisor of 2046 and 88.
22
Calculate the highest common factor of 7004 and 68.
68
Calculate the greatest common divisor of 11250 and 6.
6
What is the greatest common divisor of 52 and 234?
26
Calculate the highest common divisor of 45 and 2490.
15
What is the greatest common factor of 5762 and 215?
43
What is the highest common factor of 66 and 24?
6
Calculate the greatest common divisor of 78 and 182.
26
Calculate the highest common factor of 88 and 11.
11
Calculate the greatest common factor of 54 and 1350.
54
What is the highest common factor of 20 and 3980?
20
Calculate the highest common divisor of 51 and 34.
17
What is the highest common divisor of 138 and 230?
46
What is the greatest common divisor of 105 and 21?
21
Calculate the greatest common factor of 3132 and 108.
108
What is the greatest common factor of 612 and 1564?
68
Calculate the greatest common factor of 20 and 485.
5
Calculate the greatest common divisor of 17 and 612.
17
What is the greatest common divisor of 924 and 804?
12
Calculate the highest common divisor of 26 and 82277.
13
Calculate the highest common divisor of 108 and 192.
12
Calculate the highest common divisor of 18 and 18.
18
Calculate the highest common factor of 5511 and 33.
33
What is the greatest common divisor of 585 and 351?
117
What is the highest common divisor of 14 and 574?
14
What is the highest common factor of 44 and 436?
4
Calculate the highest common divisor of 5 and 160.
5
Calculate the greatest common divisor of 180 and 684.
36
Calculate the greatest common divisor of 32 and 80.
16
What is the highest common divisor of 32 and 3424?
32
What is the greatest common divisor of 70 and 938?
14
Calculate the greatest common factor of 513 and 399.
57
Calculate the greatest common factor of 12 and 996.
12
Calculate the greatest common factor of 57 and 9348.
57
What is the gre